 2523885437 a prime number?
True
Is 2621040157 composite?
False
Is 26598648343 a composite number?
True
Is 26207386811 composite?
False
Is 2452587523 a prime number?
False
Is 2074356733 prime?
True
Is 471960473 composite?
False
Is 8224331293 a composite number?
False
Is 1758855473 a prime number?
True
Is 241585121 composite?
False
Is 116164707793 prime?
False
Is 16421232493 a prime number?
False
Is 6056558647 prime?
True
Is 52230518551 composite?
True
Is 78106201447 prime?
True
Is 542835131 prime?
False
Is 19755961567 composite?
False
Is 15311465315 a composite number?
True
Is 163976027 composite?
False
Is 3400701818 composite?
True
Is 15696351883 a composite number?
False
Is 21088787 composite?
False
Is 2185217785 composite?
True
Is 1466973659 composite?
False
Is 6399588737 composite?
False
Is 1188350057 composite?
False
Is 15911825761 prime?
False
Is 21271274426 a prime number?
False
Is 74826927503 a composite number?
False
Is 17078166613 prime?
False
Is 2123526893 composite?
True
Is 72652273 a prime number?
True
Is 27104581553 prime?
False
Is 53312733997 a composite number?
False
Is 102795228491 composite?
False
Is 1663253959 composite?
True
Is 31051140299 composite?
False
Is 1605137813 composite?
True
Is 471732491 composite?
False
Is 147919751821 prime?
True
Is 3557419597 prime?
False
Is 22244361889 prime?
False
Is 1787712601 a prime number?
True
Is 3148349401 a prime number?
False
Is 1743324689 a prime number?
False
Is 6826376177 composite?
False
Is 3431219653 prime?
False
Is 1856216353 composite?
False
Is 239353981 a prime number?
True
Is 481390001 composite?
True
Is 1191517511 composite?
True
Is 12623785417 composite?
False
Is 27389746889 a composite number?
False
Is 99949630658 prime?
False
Is 2313210559 composite?
True
Is 17023773971 composite?
True
Is 79295963 a prime number?
True
Is 8853658199 a prime number?
True
Is 1478733637 prime?
False
Is 35497093001 a prime number?
True
Is 2470864763 prime?
True
Is 21566287063 prime?
False
Is 5229297917 prime?
False
Is 25849676243 prime?
False
Is 8484454973 a prime number?
False
Is 31893373 a composite number?
False
Is 2104740139 a prime number?
False
Is 9774365 a prime number?
False
Is 1375775461 a prime number?
True
Is 6261688907 composite?
False
Is 543474229 a composite number?
True
Is 567792647 prime?
False
Is 131918015 a composite number?
True
Is 3304954313 a composite number?
True
Is 104064817 prime?
False
Is 5102157 a composite number?
True
Is 11643841987 prime?
True
Is 8229080749 composite?
False
Is 10353149233 prime?
False
Is 5716144745 a composite number?
True
Is 68607228427 prime?
False
Is 103543861919 a composite number?
True
Is 22940466047 composite?
True
Is 3469894193 prime?
False
Is 274018183 a composite number?
True
Is 50546438881 a composite number?
False
Is 1610120131 a prime number?
True
Is 2863451131 prime?
True
Is 8801459899 a prime number?
False
Is 4373611579 a prime number?
False
Is 983098419 a prime number?
False
Is 90413895409 prime?
True
Is 1035236483 prime?
True
Is 137591011 a composite number?
False
Is 3406390561 composite?
True
Is 3027462467 a composite number?
False
Is 10533877181 a composite number?
False
Is 228160421 prime?
True
Is 674404979 prime?
False
Is 10266177091 a composite number?
True
Is 14187079663 prime?
True
Is 493307027 a composite number?
True
Is 125371933801 a composite number?
False
Is 26684610041 prime?
False
Is 3508793 a composite number?
True
Is 2969301953 composite?
True
Is 16972133641 prime?
True
Is 74282243021 composite?
True
Is 237469799551 prime?
True
Is 5154639287 prime?
False
Is 19225488407 composite?
True
Is 5019927551 a prime number?
False
Is 1727009357 composite?
False
Is 2403213317 a prime number?
True
Is 3074655223 a prime number?
False
Is 111621547241 prime?
True
Is 21723462491 composite?
False
Is 33507215843 a prime number?
True
Is 499144589 composite?
True
Is 504578069 composite?
True
Is 9654715487 composite?
False
Is 890751619 composite?
False
Is 285819313 composite?
True
Is 24034654165 a composite number?
True
Is 1000573219 a prime number?
True
Is 624547549 a composite number?
True
Is 874662218 a prime number?
False
Is 5773793 a prime number?
True
Is 1249232329 a composite number?
False
Is 54994907 composite?
True
Is 54249387833 prime?
True
Is 12367315199 composite?
False
Is 301012683 composite?
True
Is 4186837951 prime?
True
Is 26159103001 prime?
False
Is 130865624509 a composite number?
False
Is 70019528639 prime?
False
Is 2003008603 a composite number?
False
Is 434289203 a composite number?
False
Is 2053863359 prime?
False
Is 21748128691 a composite number?
False
Is 44749010569 prime?
True
Is 34458299663 a prime number?
True
Is 5669825563 a composite number?
False
Is 212133287 a composite number?
False
Is 10686083234 composite?
True
Is 17678998447 prime?
False
Is 220677477169 a composite number?
False
Is 93580408799 a prime number?
False
Is 19592385311 composite?
False
Is 4122202717 a prime number?
True
Is 701560579 prime?
False
Is 9779131169 prime?
False
Is 6214639007 composite?
True
Is 382342439 composite?
True
Is 31490707409 a composite number?
True
Is 60641231419 prime?
True
Is 1444348121 a prime number?
True
Is 335891779627 a composite number?
False
Is 166387787 composite?
True
Is 3123639523 prime?
False
Is 37441080371 a prime number?
True
Is 68204338927 prime?
True
Is 55674904469 prime?
True
Is 23346557 composite?
True
Is 148275414671 composite?
False
Is 31015077511 prime?
False
Is 224826109921 a composite number?
True
Is 4033047539 a prime number?
False
Is 2601012989 a prime number?
False
Is 2173211 prime?
False
Is 2308708733 composite?
False
Is 736230751 a prime number?
True
Is 3570148531 composite?
False
Is 3604308371 prime?
True
Is 23098950377 a prime number?
False
Is 50613341773 prime?
True
Is 4234144861 prime?
False
Is 807415039 composite?
True
Is 71787601727 prime?
True
Is 1425878007 composite?
True
Is 6342774029 a prime number?
False
Is 1208013151 prime?
False
Is 169521473 prime?
False
Is 380995061 prime?
False
Is 14462541461 prime?
False
Is 1526219389 a composite number?
True
Is 187926451 composite?
True
Is 48709789 composite?
True
Is 132263057 prime?
False
Is 8882924539 composite?
False
Is 36076181741 prime?
False
Is 437266939 prime?
True
Is 28490098537 composite?
True
Is 337549463 a prime number?
False
Is 17017180973 prime?
False
Is 377291093 composite?
False
Is 778304537 prime?
False
Is 107613464197 composite?
False
Is 8919574387 a prime number?
True
Is 35461931261 a prime number?
True
Is 18607114213 composite?
False
Is 24780858779 prime?
True
Is 2537466991 prime?
False
Is 12182823173 composite?
False
Is 83549273 prime?
False
Is 37407101009 prime?
True
Is 12335845087 composite?
True
Is 3699515557 prime?
True
Is 53878550717 composite?
True
Is 5325904033 a prime number?
False
Is 3447821695 prime?
False
Is 1414249139 a prime number?
False
Is 5246080781 a prime number?
True
Is 5555254109 a prime number?
True
Is 2074232609 composite?
False
Is 331344379 a prime number?
True
Is 3116530187 prime?
False
Is 8347445023 a prime number?
True
Is 34715626843 composite?
False
Is 155142511 a prime number?
False
Is 22477437419 prime?
True
Is 6782240611 prime?
False
Is 16781741027 composite?
False
Is 1537415197 a composite number?
True
Is 4800084953 prime?
False
Is 225990097 prime?
True
Is 161599502759 a prime number?
False
Is 185378263 composite?
True
Is 2430756707 composite?
True
Is 4056293753 prime?
True
Is 163433947459 composite?
False
Is 22989379199 a prime number?
True
Is 38075836613 a prime number?
True
Is 10908553819 composite?
False
Is 8287346089 a composite number?
True
Is 15564491717 a prime number?
True
Is 3701631371 composite?
False
Is 415638177 a prime number?
False
Is 484840199 composite?
False
Is 26044103653 a composite number?
False
Is 18919876823 prime?
True
Is 1400493251 composite?
False
Is 4555137887 a composite number?
False
Is 683524679 prime?
True
Is 229234585 composite?
True
Is 9690234217 composite?
False
Is 27437202307 a prime number?
False
Is 1899215215 a prime number?
False
Is 1232360593 a prime number?
True
Is 3460680467 a prime number?
True
Is 190151777 composite?
False
Is 56389153913 a composite number?
False
Is 12179508321 prime?
False
Is 1468856951 a prime number?
False
Is 6590916803 a co